78 (base 14) in base 2?
-10110100110000101110
What is b3569 (base 12) in base 10?
234081
Convert 15f32a (base 16) to base 12.
594576
What is -1546b8 (base 16) in base 13?
-39a886
What is 68bc4e (base 15) in base 3?
100102002021202
Convert -b561 (base 12) to base 3.
-1000011101
Convert 7355694 (base 10) to base 12.
2568926
What is -2142344 (base 5) in base 13?
-13c35
What is 3202030111 (base 4) in base 16?
e2315
-201202000101122 (base 3) to base 11
-5a1631a
-aa4561 (base 14) to base 16
-581c69
-134177 (base 15) to base 12
-387427
What is -123221022 (base 4) in base 10?
-113226
What is -353215 (base 9) in base 16?
-33d5b
b77b8 (base 12) to base 10
241340
What is 101001010011101110 (base 2) in base 8?
512356
-883144 (base 11) to base 12
-57b96a
1126242 (base 11) to base 15
28db48
Convert 66843 (base 10) to base 2.
10000010100011011
Convert 35241305 (base 6) to base 3.
2001120220012
Convert -1210 (base 10) to base 3.
-1122211
Convert 16600 (base 15) to base 4.
101220201
-101005041 (base 7) to base 4
-112130210202
What is 89a86 (base 15) in base 11?
279986
-347632 (base 8) to base 3
-20000210122
Convert 206992 (base 13) to base 9.
1373864
Convert 100100000010110000 (base 2) to base 10.
147632
What is -a3efe0 (base 16) in base 15?
-e2351b
Convert 1111011010010101101010 (base 2) to base 16.
3da56a
What is 57323a6 (base 11) in base 16?
991462
Convert 13897619 (base 10) to base 6.
1213512455
What is 4102100014 (base 5) in base 12?
29130b1
Convert 41dbb (base 14) to base 2.
100110110110010001
-67266a (base 11) to base 3
-2000110212020
-1110103343 (base 5) to base 15
-32d9d3
What is -123312302 (base 4) in base 15?
-23c18
-adbba (base 15) to base 13
-1647b2
Convert -81768b (base 16) to base 5.
-4133000431
What is -78b259 (base 13) in base 11?
-1678925
-417851 (base 13) to base 6
-52445442
162366 (base 10) to base 4
213220332
What is -143a77 (base 12) in base 5?
-41312431
What is -213030323 (base 4) in base 16?
-2733b
What is 203323122 (base 5) in base 8?
3146772
What is 154632 (base 12) in base 10?
360326
Convert 10111212101 (base 3) to base 6.
1252101
What is -11001110111111010111100 (base 2) in base 5?
-3214021102
307474a (base 11) to base 6
312124151
-1437517 (base 13) to base 2
-11000011101111001010100
-18922 (base 10) to base 4
-10213222
Convert -1243032 (base 5) to base 13.
-b372
a90a0 (base 12) to base 3
102022221110
What is -137543 (base 10) in base 4?
-201211013
Convert -1182183 (base 12) to base 7.
-40636242
What is 3214315 (base 6) in base 16?
26867
-101111001100101110 (base 2) to base 7
-1433430
-1734265 (base 10) to base 13
-4894c0
Convert 24464644 (base 7) to base 12.
8a189a
What is 10322223032 (base 4) in base 13?
36188c
Convert -2357064 (base 8) to base 11.
-401977
Convert -23012301332 (base 4) to base 6.
-142222302
What is 10100010111010000100101 (base 2) in base 14?
9cd565
What is 40994 (base 11) in base 6?
1140352
-1a9554 (base 14) to base 15
-13ac24
11101101110011101001101 (base 2) to base 8
35563515
Convert -11014141400 (base 5) to base 14.
-180c0c1
Convert -c89a2b (base 13) to base 11.
-2724351
What is 1a960a (base 11) in base 15?
64d01
Convert 635 (base 14) to base 5.
14343
-1303044 (base 8) to base 2
-1011000011000100100
-32115224 (base 6) to base 11
-594840
What is -1011000100111101010000 (base 2) in base 14?
-5583a8
Convert 101101011000101 (base 2) to base 9.
34778
111130223012 (base 4) to base 13
121b209
-1680a7 (base 11) to base 6
-5322050
-30601730 (base 8) to base 3
-110012200022010
Convert 230471 (base 9) to base 2.
100001101110111001
341907 (base 16) to base 4
31001210013
What is 13202123 (base 4) in base 7?
156005
What is -6027530 (base 10) in base 2?
-10110111111100100001010
What is -13666231 (base 7) in base 11?
-804158
What is -72881 (base 11) in base 14?
-2a9c2
What is -311131313 (base 4) in base 11?
-13a5a0
What is -1005952 (base 11) in base 2?
-110110010011010100010
-134faf (base 16) to base 10
-1265583
What is 18a63 (base 13) in base 6?
1005444
744611 (base 13) to base 16
298d27
What is -1174268 (base 14) in base 16?
-7f6054
-5344122 (base 6) to base 10
-262706
-13155052 (base 6) to base 5
-102412042
Convert -2ecd34 (base 16) to base 14.
-59bacc
Convert -2446303 (base 7) to base 12.
-131aaa
-3236657 (base 8) to base 11
-542a62
Convert 2586b0 (base 15) to base 13.
4b0627
-4785447 (base 11) to base 12
-2961227
Convert 18320806 (base 9) to base 3.
122100200220020
12099892 (base 10) to base 12
4076304
371319 (base 10) to base 9
625316
Convert 128220 (base 13) to base 10.
446355
Convert -1307054 (base 9) to base 4.
-2232100030
-1c40d (base 15) to base 4
-112132012
2513231 (base 8) to base 6
22512321
What is 6c920 (base 13) in base 7?
1456661
What is -909c (base 13) in base 7?
-112011
-1231044344 (base 5) to base 13
-807a49
Convert 21011011002 (base 3) to base 15.
2bac2
277324 (base 9) to base 7
1303600
177054 (base 14) to base 11
514666
Convert -334402424 (base 5) to base 9.
-2707347
-1000101010101101100 (base 2) to base 14
-75708
Convert b70a56 (base 15) to base 14.
122a1cb
343410301 (base 5) to base 10
1544451
What is 1fc78 (base 16) in base 7?
1051333
What is -2050354 (base 9) in base 5?
-240032404
What is -45370 (base 14) in base 2?
-101001000010000110
What is -122101100102202 (base 3) in base 10?
-9238205
Convert 400623 (base 7) to base 8.
203723
-2360419 (base 10) to base 13
-6484c9
-12013332113 (base 4) to base 3
-10000120100222
-581760 (base 10) to base 3
-1002120000200
What is 15531657 (base 8) in base 12?
124a753
11443100 (base 5) to base 12
531ba
Convert 1b6e3 (base 15) to base 10.
89313
Convert 7912 (base 16) to base 7.
156235
What is -b544 (base 16) in base 14?
-12ca8
Convert -1849278 (base 11) to base 3.
-12220001201000
34472641 (base 8) to base 3
112010002201212
Convert -2373330 (base 8) to base 16.
-9f6d8
What is -110111000010111100 (base 2) in base 12?
-aa590
What is 535121 (base 6) in base 5?
2401042
Convert -100001101110011001011 (base 2) to base 15.
-16c684
What is 782215 (base 15) in base 10?
5727845
80abb (base 13) to base 3
102200221211
Convert 132554 (base 13) to base 15.
91e8e
What is 301020 (base 9) in base 6?
3451330
Convert 11102112011 (base 3) to base 8.
252135
-1824436 (base 12) to base 16
-4caf6a
-721778 (base 9) to base 11
-272489
What is -9cc61 (base 16) in base 3?
-1012121212011
Convert 1010010110101001 (base 2) to base 15.
c874
What is -23321472 (base 8) in base 14?
-96636a
What is -189422 (base 10) in base 16?
-2e3ee
What is -2320311330 (base 4) in base 2?
-10111000110101111100
What is 1400972 (base 15) in base 8?
67030061
-403130122 (base 6) to base 3
-110221001001212
Convert -20132325 (base 6) to base 4.
-2023222331
Convert 110100101010011011 (base 2) to base 7.
1555612
What is -70b800 (base 13) in base 11?
-1532973
What is 20125021 (base 6) in base 12?
236771
What is 4158470 (base 9) in base 14?
41c617
What is -422110001 (base 5) in base 6?
-101331115
11a8477 (base 14) to base 2
100000010100111011111001
-1000101111010010000010 (base 2) to base 15
-303b63
What is 3323a7 (base 11) in base 12?
216a0a
Convert 438045 (base 11) to base 4.
2222213020
Convert -2060440 (base 7) to base 2.
-111101000001001000
What is -4249d (base 15) in base 5?
-23212143
What is 31125373 (base 8) in base 16?
64aafb
Convert 63254316 (base 7) to base 10.
5341356
What is 10110001100100000100 (base 2) in base 15?
e576a
-11021102000 (base 3) to base 12
-40830
What is -521041 (base 10) in base 15?
-a45b1
What is 5c1ad0 (base 16) in base 7?
102210116
-1471476 (base 14) to base 5
-10022002001
111112011111 (base 3) to base 14
6d02a
Convert 37404 (base 13) to base 14.
29114
What is 101010001100111110 (base 2) in base 6?
3412142
What is -496b03 (base 12) in base 10?
-1193907
What is 2632448 (base 9) in base 5?
332014220
What is -1182541 (base 11) in base 16?
-1f53bc
What is 211101122011200 (base 3) in base 14?
181b191
-175405 (base 9) to base 8
-324626
What is -11030323 (base 5) in base 14?
-26c49
What is 610370 (base 8) in base 7?
1464603
What is -3102034 (base 5) in base 8?
-142135
What is 2de2b (base 16) in base 5?
22003242
What is -acd0 (base 16) in base 5?
-2403430
Convert 152704 (base 15) to base 6.
33514021
10000011110110100 (base 2) to base 7
400550
Convert -1140014 (base 9) to base 10.
-616747
-1030414033 